lculate the remainder when 13460 is divided by 2664.
140
Calculate the remainder when 13219814 is divided by 1436.
1434
What is the remainder when 34153 is divided by 200?
153
What is the remainder when 2445776 is divided by 1398?
674
Calculate the remainder when 246230 is divided by 479.
24
What is the remainder when 312591 is divided by 1587?
1539
Calculate the remainder when 16404881 is divided by 67.
65
What is the remainder when 185419874 is divided by 25?
24
What is the remainder when 1682280 is divided by 168209?
190
What is the remainder when 43530293 is divided by 80?
53
What is the remainder when 198048921 is divided by 2141?
2139
What is the remainder when 3624568 is divided by 3624550?
18
What is the remainder when 18430 is divided by 4561?
186
What is the remainder when 66266440 is divided by 377?
19
Calculate the remainder when 18864360 is divided by 3144059.
6
What is the remainder when 100721708 is divided by 345?
338
Calculate the remainder when 5111 is divided by 82.
27
What is the remainder when 9783378 is divided by 10320?
18
Calculate the remainder when 64351916 is divided by 10096.
12
Calculate the remainder when 63960851 is divided by 8.
3
Calculate the remainder when 345446 is divided by 345428.
18
Calculate the remainder when 3728425 is divided by 9.
4
Calculate the remainder when 5922434 is divided by 26.
24
What is the remainder when 206759 is divided by 309?
38
Calculate the remainder when 21519964 is divided by 3289.
37
What is the remainder when 1157775 is divided by 441?
150
What is the remainder when 19156106 is divided by 114?
2
Calculate the remainder when 13118377 is divided by 57.
55
What is the remainder when 13850507 is divided by 46?
45
Calculate the remainder when 1716727 is divided by 2704.
2391
What is the remainder when 302724 is divided by 424?
412
Calculate the remainder when 17572494 is divided by 110.
104
Calculate the remainder when 25572 is divided by 10714.
4144
Calculate the remainder when 478258 is divided by 16445.
1353
Calculate the remainder when 1260930 is divided by 970.
900
What is the remainder when 83403117 is divided by 48?
45
Calculate the remainder when 33430 is divided by 5567.
28
Calculate the remainder when 95975 is divided by 5489.
2662
Calculate the remainder when 61396 is divided by 476.
468
What is the remainder when 517577 is divided by 142?
129
What is the remainder when 113300186 is divided by 4532006?
36
Calculate the remainder when 1868158 is divided by 17963.
6
Calculate the remainder when 259935 is divided by 259758.
177
What is the remainder when 2692507 is divided by 299165?
22
What is the remainder when 320903 is divided by 52?
11
What is the remainder when 446308 is divided by 241?
217
Calculate the remainder when 831402 is divided by 415645.
112
What is the remainder when 2734894 is divided by 3394?
2724
Calculate the remainder when 521595002 is divided by 196.
194
What is the remainder when 1574710 is divided by 20?
10
What is the remainder when 545971619 is divided by 3706?
3699
Calculate the remainder when 11276658 is divided by 772.
54
What is the remainder when 54993490 is divided by 102?
88
What is the remainder when 410883 is divided by 1164?
1155
What is the remainder when 614670 is divided by 153651?
66
What is the remainder when 386700 is divided by 279?
6
Calculate the remainder when 356292 is divided by 625.
42
What is the remainder when 377919 is divided by 22228?
43
Calculate the remainder when 1842664 is divided by 1842663.
1
What is the remainder when 38994 is divided by 2942?
748
Calculate the remainder when 825814638 is divided by 719.
717
What is the remainder when 24935597 is divided by 109?
103
What is the remainder when 570899 is divided by 186?
65
What is the remainder when 1104066 is divided by 60?
6
Calculate the remainder when 623503 is divided by 310849.
1805
What is the remainder when 2281102 is divided by 438?
436
What is the remainder when 1079010 is divided by 179?
177
What is the remainder when 17956416 is divided by 129?
3
Calculate the remainder when 1263250 is divided by 157905.
10
What is the remainder when 2725845 is divided by 358?
33
Calculate the remainder when 62210648 is divided by 1235.
1228
What is the remainder when 1593478 is divided by 2105?
2098
Calculate the remainder when 1887292 is divided by 629080.
52
What is the remainder when 40062 is divided by 35624?
4438
What is the remainder when 792060 is divided by 792027?
33
What is the remainder when 60321775 is divided by 135?
130
What is the remainder when 15652 is divided by 1321?
1121
What is the remainder when 126909332 is divided by 21151553?
14
Calculate the remainder when 110921 is divided by 36967.
20
Calculate the remainder when 4167070 is divided by 342.
142
What is the remainder when 6427852 is divided by 1490?
1482
Calculate the remainder when 1329560 is divided by 113.
2
Calculate the remainder when 772241 is divided by 177.
167
What is the remainder when 59018 is divided by 19573?
299
What is the remainder when 69295 is divided by 33?
28
Calculate the remainder when 2401071 is divided by 480172.
211
Calculate the remainder when 758851 is divided by 188179.
6135
Calculate the remainder when 2557305 is divided by 365329.
2
Calculate the remainder when 41607025 is divided by 953.
951
What is the remainder when 47613 is divided by 2158?
137
What is the remainder when 250603 is divided by 598?
41
Calculate the remainder when 591604 is divided by 86.
10
Calculate the remainder when 648160 is divided by 324078.
4
What is the remainder when 617846 is divided by 2607?
2594
Calculate the remainder when 1077802 is divided by 269450.
2
Calculate the remainder when 8109 is divided by 7813.
296
What is the remainder when 5535823 is divided by 237?
214
What is the remainder when 2186181 is divided by 1595?
1031
Calculate the remainder when 1808736983 is divided by 24.
23
Calculate the remainder when 15998249 is divided by 742.
729
What is the remainder when 111166 is divided by 3170?
216
Calculate the remainder when 2274618 is divided by 1137305.
8
What is the remainder when 748398615 is divided by 9208?
9207
What is the remainder when 2133931 is divided by 963?
886
What is the remainder when 5095347 is divided by 363952?
19
Calculate the remainder when 57659 is divided by 6997.
1683
What is the remainder when 132728 is divided by 63?
50
What is the remainder when 10345 is divided by 865?
830
What is the remainder when 4639909 is divided by 59486?
1
Calculate the remainder when 712814 is divided by 156.
50
Calculate the remainder when 96465 is divided by 32155.
0
What is the remainder when 1061184 is divided by 265083?
852
Calculate the remainder when 377748 is divided by 41929.
387
Calculate the remainder when 68608 is divided by 67828.
780
What is the remainder when 62225 is divided by 858?
449
What is the remainder when 4144268 is divided by 855?
83
Calculate the remainder when 912148 is divided by 911627.
521
What is the remainder when 52476706 is divided by 17492213?
67
What is the remainder when 21140 is divided by 4220?
40
What is the remainder when 159688 is divided by 154880?
4808
Calculate the remainder when 229368062 is divided by 251.
246
What is the remainder when 58097168 is divided by 23?
19
What is the remainder when 19883671 is divided by 269?
267
Calculate the remainder when 163504 is divided by 5108.
48
What is the remainder when 40392 is divided by 9832?
1064
What is the remainder when 1285714 is divided by 11583?
1
Calculate the remainder when 143935 is divided by 3427.
1
Calculate the remainder when 5514389 is divided by 51.
14
What is the remainder when 38198 is divided by 2505?
623
Calculate the remainder when 1082696 is divided by 180447.
14
What is the remainder when 256595 is divided by 47?
22
Calculate the remainder when 10745056 is divided by 582.
172
What is the remainder when 58764 is divided by 1176?
1140
Calculate the remainder when 995295 is divided by 497371.
553
Calculate the remainder when 1810948 is divided by 3372.
184
What is the remainder when 2352493 is divided by 36?
1
What is the remainder when 28751435 is divided by 252?
251
What is the remainder when 89135 is divided by 3649?
1559
What is the remainder when 9043923 is